{"id":253,"date":"2024-11-18T12:23:03","date_gmt":"2024-11-18T11:23:03","guid":{"rendered":"https:\/\/traiteur.labulledo.com\/?post_type=product&#038;p=253"},"modified":"2024-12-22T06:47:42","modified_gmt":"2024-12-22T05:47:42","slug":"3bis-pave-de-saumon","status":"publish","type":"product","link":"https:\/\/traiteur.labulledo.com\/index.php\/produit\/3bis-pave-de-saumon\/","title":{"rendered":"3bis-Pav\u00e9 de saumon"},"content":{"rendered":"<p><strong>Plat du Menu de No\u00ebl<\/strong><\/p>\n<p>-Pav\u00e9 de saumon \u00e0 la graine de coriandre et s\u00e9same noires, beurre blanc au citron vert, gratin de pomme de terre et l\u00e9gumes vari\u00e9s.<\/p>\n","protected":false},"excerpt":{"rendered":"<p>-Pav\u00e9 de saumon \u00e0 la graine de coriandre et s\u00e9same noires, beurre blanc au citron vert, gratin de pomme de terre et l\u00e9gumes vari\u00e9s.<\/p>\n","protected":false},"featured_media":229,"template":"","meta":{"ngg_post_thumbnail":0},"product_brand":[],"product_cat":[18],"product_tag":[],"class_list":{"0":"post-253","1":"product","2":"type-product","3":"status-publish","4":"has-post-thumbnail","6":"product_cat-menu-de-noel","8":"first","9":"outofstock","10":"shipping-taxable","11":"purchasable","12":"product-type-simple"},"aioseo_notices":[],"_links":{"self":[{"href":"https:\/\/traiteur.labulledo.com\/index.php\/wp-json\/wp\/v2\/product\/253","targetHints":{"allow":["GET"]}}],"collection":[{"href":"https:\/\/traiteur.labulledo.com\/index.php\/wp-json\/wp\/v2\/product"}],"about":[{"href":"https:\/\/traiteur.labulledo.com\/index.php\/wp-json\/wp\/v2\/types\/product"}],"wp:featuredmedia":[{"embeddable":true,"href":"https:\/\/traiteur.labulledo.com\/index.php\/wp-json\/wp\/v2\/media\/229"}],"wp:attachment":[{"href":"https:\/\/traiteur.labulledo.com\/index.php\/wp-json\/wp\/v2\/media?parent=253"}],"wp:term":[{"taxonomy":"product_brand","embeddable":true,"href":"https:\/\/traiteur.labulledo.com\/index.php\/wp-json\/wp\/v2\/product_brand?post=253"},{"taxonomy":"product_cat","embeddable":true,"href":"https:\/\/traiteur.labulledo.com\/index.php\/wp-json\/wp\/v2\/product_cat?post=253"},{"taxonomy":"product_tag","embeddable":true,"href":"https:\/\/traiteur.labulledo.com\/index.php\/wp-json\/wp\/v2\/product_tag?post=253"}],"curies":[{"name":"wp","href":"https:\/\/api.w.org\/{rel}","templated":true}]}}